{"id":3884,"date":"2024-02-19T12:59:07","date_gmt":"2024-02-19T12:59:07","guid":{"rendered":"https:\/\/consortium.ascentia.top\/?post_type=product&#038;p=3884"},"modified":"2025-05-16T07:17:31","modified_gmt":"2025-05-16T07:17:31","slug":"baumit-edelputz-classico-extra-25kg","status":"publish","type":"product","link":"http:\/\/consortium.ascentia.top\/sl\/trgovina\/fasadni-program\/zavrsne-dekorativne-zbuke\/baumit-edelputz-classico-extra-25kg\/","title":{"rendered":"Baumit Edelputz Classico Extra 25 kg"},"content":{"rendered":"<div class=\"col-lg-12 product-info\">\n<div class=\"inner\">\n<p class=\"introtext\"><strong>Tovarna me\u0161ani, suhi omet s hidravli\u010dnim strjevanjem, kot tankoslojni prekrivni omet, za notranjo in zunanjo uporabo, ro\u010dno in strojno obdelavo. <\/strong><\/p>\n<ul class=\"highlights highlights-with-h2\">\n<li>Mineralna in paroprepustna<\/li>\n<li>Klasi\u010dne povr\u0161ine<\/li>\n<li>Naravna in preizku\u0161ena v praksi<\/li>\n<\/ul>\n<\/div>\n<\/div>\n<div class=\"col-lg-12 product-detail-container experts-advice\">\n<ul>\n<li class=\"bodytext body-text-overwrite-for-mobil\">Podlaga mora biti \u010dista, nosiva, suha, brez odpadnih delov, prahu in izsu\u0161evanja.<\/li>\n<li class=\"bodytext body-text-overwrite-for-mobil\">Izdelek je primeren za: apneno-cementne in cementne omete, Baumit toplotne omete z medplastjo (npr. Baumit UniPutz, Baumit PutzSpachtel ali Baumit StarContact).<\/li>\n<\/ul>\n<\/div>","protected":false},"excerpt":{"rendered":"<p>Tvorni\u010dki zamije\u0161ana, suha \u017ebuka s hidrauli\u010dnim protvrdnjavanjem, kao tankoslojna pokrivna \u017ebuka, za unutarnju i vanjsku primjenu, ru\u010dnu i strojnu obradu. mineralna i prozra\u010dna klasi\u010dne povr\u0161ine prirodna i dokazana u praksi Podloga mora biti \u010dista nosiva, suha bez odvojivih dijelova, pra\u0161ine i iscvjetavanja. Proizvod je pogodan za: vapneno-cementne i cementne \u017ebuke, Baumit toplinske \u017ebuke s me\u0111uslojem [&hellip;]<\/p>","protected":false},"featured_media":3885,"template":"","meta":[],"product_brand":[],"product_cat":[189,209,193,210],"product_tag":[],"class_list":{"0":"post-3884","1":"product","2":"type-product","3":"status-publish","4":"has-post-thumbnail","6":"product_cat-fasadni-program","7":"product_cat-prasina","8":"product_cat-zavrsne-dekorativne-zbuke","9":"product_cat-zbuke","10":"product_shipping_class-bez-besplatne-dostave","12":"first","13":"instock","14":"shipping-taxable","15":"purchasable","16":"product-type-variable","17":"wvs-archive-product-wrapper"},"acf":[],"_links":{"self":[{"href":"http:\/\/consortium.ascentia.top\/sl\/wp-json\/wp\/v2\/product\/3884","targetHints":{"allow":["GET"]}}],"collection":[{"href":"http:\/\/consortium.ascentia.top\/sl\/wp-json\/wp\/v2\/product"}],"about":[{"href":"http:\/\/consortium.ascentia.top\/sl\/wp-json\/wp\/v2\/types\/product"}],"wp:featuredmedia":[{"embeddable":true,"href":"http:\/\/consortium.ascentia.top\/sl\/wp-json\/wp\/v2\/media\/3885"}],"wp:attachment":[{"href":"http:\/\/consortium.ascentia.top\/sl\/wp-json\/wp\/v2\/media?parent=3884"}],"wp:term":[{"taxonomy":"product_brand","embeddable":true,"href":"http:\/\/consortium.ascentia.top\/sl\/wp-json\/wp\/v2\/product_brand?post=3884"},{"taxonomy":"product_cat","embeddable":true,"href":"http:\/\/consortium.ascentia.top\/sl\/wp-json\/wp\/v2\/product_cat?post=3884"},{"taxonomy":"product_tag","embeddable":true,"href":"http:\/\/consortium.ascentia.top\/sl\/wp-json\/wp\/v2\/product_tag?post=3884"}],"curies":[{"name":"wp","href":"https:\/\/api.w.org\/{rel}","templated":true}]}}

<div class="col-lg-12 product-info">
<div class="inner">
<p class="introtext"><strong>Tovarna mešani, suhi omet s hidravličnim strjevanjem, kot tankoslojni prekrivni omet, za notranjo in zunanjo uporabo, ročno in strojno obdelavo. </strong></p>
<ul class="highlights highlights-with-h2">
<li>Mineralna in paroprepustna</li>
<li>Klasične površine</li>
<li>Naravna in preizkušena v praksi</li>
</ul>
</div>
</div>
<div class="col-lg-12 product-detail-container experts-advice">
<ul>
<li class="bodytext body-text-overwrite-for-mobil">Podlaga mora biti čista, nosiva, suha, brez odpadnih delov, prahu in izsuševanja.</li>
<li class="bodytext body-text-overwrite-for-mobil">Izdelek je primeren za: apneno-cementne in cementne omete, Baumit toplotne omete z medplastjo (npr. Baumit UniPutz, Baumit PutzSpachtel ali Baumit StarContact).</li>
</ul>
</div>

<p>Tvornički zamiješana, suha žbuka s hidrauličnim protvrdnjavanjem, kao tankoslojna pokrivna žbuka, za unutarnju i vanjsku primjenu, ručnu i strojnu obradu. mineralna i prozračna klasične površine prirodna i dokazana u praksi Podloga mora biti čista nosiva, suha bez odvojivih dijelova, prašine i iscvjetavanja. Proizvod je pogodan za: vapneno-cementne i cementne žbuke, Baumit toplinske žbuke s međuslojem [&hellip;]</p>
