{"id":3842,"date":"2024-02-19T12:10:55","date_gmt":"2024-02-19T12:10:55","guid":{"rendered":"https:\/\/consortium.ascentia.top\/?post_type=product&#038;p=3842"},"modified":"2025-05-07T13:59:06","modified_gmt":"2025-05-07T13:59:06","slug":"maska-zastitna-ffp2","status":"publish","type":"product","link":"http:\/\/consortium.ascentia.top\/sl\/trgovina\/zastitna-oprema\/zastita-glave\/maska-zastitna-ffp2\/","title":{"rendered":"Za\u0161\u010ditna maska FFP2"},"content":{"rendered":"<p>Enkratna polmaska FFP2, iz netkanega materiala.<br \/>\nZa\u0161\u010dita pred netoksi\u010dnim prahom, vklju\u010dno z aerosolom na vodni osnovi s koncentracijo do 4,5 x MOK (TLV). Z aktivnim ogljem. Ventil za izdihavanje.<\/p>\n<p>FFP2<br \/>\nZa\u0161\u010dita dihalnih poti pred srednje toksi\u010dnimi trdnimi delci. Ti izdelki se lahko uporabljajo v industrijah, kot so: rudarstvo, \u017eelezarstvo in jeklarstvo (razli\u010dica z izdihovalnim ventilom) ter kemi\u010dna industrija.\nMaske se lahko uporabljajo med: obdelavo trdega lesa, obdelavo aluminija in njegovih zlitin, obdelavo kovinskih rud ter pri nana\u0161anju pra\u0161kastih premazov. Za\u0161\u010dita pred prahom, kot so: premog (vsebuje ve\u010d kot 10 % prostega silicijevega dioksida), azbest, baker, barij, titan, vanadij, krom, mangan.<\/p>","protected":false},"excerpt":{"rendered":"<p>Jednokratna polu-maska FFP2, od netkanog materijala. Za\u0161tita od netoksi\u010dnog praha uklju\u010duju\u0107i aerosol na bazi vode koncentracije do 4,5 x MOK (TLV). S aktivnim ugljenom. Ventil za izdisanje. FFP2 Za\u0161tita prolaza zraka prije srednje toksi\u010dnih krutih \u010destica. Ti se proizvodi mogu koristiti u industrijama kao \u0161to su: rudarstvo, \u017eeljezo i \u010delik (verzija s ispu\u0161nim ventilom) i [&hellip;]<\/p>","protected":false},"featured_media":3844,"template":"","meta":[],"product_brand":[],"product_cat":[252,251],"product_tag":[],"class_list":{"0":"post-3842","1":"product","2":"type-product","3":"status-publish","4":"has-post-thumbnail","6":"product_cat-zastita-glave","7":"product_cat-zastitna-oprema","9":"first","10":"instock","11":"shipping-taxable","12":"purchasable","13":"product-type-simple"},"acf":[],"_links":{"self":[{"href":"http:\/\/consortium.ascentia.top\/sl\/wp-json\/wp\/v2\/product\/3842","targetHints":{"allow":["GET"]}}],"collection":[{"href":"http:\/\/consortium.ascentia.top\/sl\/wp-json\/wp\/v2\/product"}],"about":[{"href":"http:\/\/consortium.ascentia.top\/sl\/wp-json\/wp\/v2\/types\/product"}],"wp:featuredmedia":[{"embeddable":true,"href":"http:\/\/consortium.ascentia.top\/sl\/wp-json\/wp\/v2\/media\/3844"}],"wp:attachment":[{"href":"http:\/\/consortium.ascentia.top\/sl\/wp-json\/wp\/v2\/media?parent=3842"}],"wp:term":[{"taxonomy":"product_brand","embeddable":true,"href":"http:\/\/consortium.ascentia.top\/sl\/wp-json\/wp\/v2\/product_brand?post=3842"},{"taxonomy":"product_cat","embeddable":true,"href":"http:\/\/consortium.ascentia.top\/sl\/wp-json\/wp\/v2\/product_cat?post=3842"},{"taxonomy":"product_tag","embeddable":true,"href":"http:\/\/consortium.ascentia.top\/sl\/wp-json\/wp\/v2\/product_tag?post=3842"}],"curies":[{"name":"wp","href":"https:\/\/api.w.org\/{rel}","templated":true}]}}

Zaščitna maska FFP2

<p>Enkratna polmaska FFP2, iz netkanega materiala.<br />
Zaščita pred netoksičnim prahom, vključno z aerosolom na vodni osnovi s koncentracijo do 4,5 x MOK (TLV). Z aktivnim ogljem. Ventil za izdihavanje.</p>
<p>FFP2<br />
Zaščita dihalnih poti pred srednje toksičnimi trdnimi delci. Ti izdelki se lahko uporabljajo v industrijah, kot so: rudarstvo, železarstvo in jeklarstvo (različica z izdihovalnim ventilom) ter kemična industrija.
Maske se lahko uporabljajo med: obdelavo trdega lesa, obdelavo aluminija in njegovih zlitin, obdelavo kovinskih rud ter pri nanašanju praškastih premazov. Zaščita pred prahom, kot so: premog (vsebuje več kot 10 % prostega silicijevega dioksida), azbest, baker, barij, titan, vanadij, krom, mangan.</p>

<p>Jednokratna polu-maska FFP2, od netkanog materijala. Zaštita od netoksičnog praha uključujući aerosol na bazi vode koncentracije do 4,5 x MOK (TLV). S aktivnim ugljenom. Ventil za izdisanje. FFP2 Zaštita prolaza zraka prije srednje toksičnih krutih čestica. Ti se proizvodi mogu koristiti u industrijama kao što su: rudarstvo, željezo i čelik (verzija s ispušnim ventilom) i [&hellip;]</p>
